f).
2
Let q(t) = t**2 + 11*t - 6*t**2 + 16 - t**2 + 7*t**2. Let d be q(-10). Let f be 7/((-14)/d)*1. Let c(i) = -i**3 - 3*i**2 - 4*i - 1. What is c(f)?
11
Let n(s) = -3*s. Let h(a) = 10*a. Let o(p) = -4*h(p) - 11*n(p). Suppose -24*i - 23*i = 0. Let m be -1*(-7 - -3 - i). What is o(m)?
-28
Let p(x) = x**2 - 8*x + 1. Let g = 180 - 86. Suppose 2*d + 80 = g. What is p(d)?
-6
Let z(k) = -k**2 - 39*k - 70. Let n(v) = 56*v + 2483. Let s be n(-45). Give z(s).
4
Let u(k) be the first derivative of k**4/4 - 11*k**3/3 + 13*k**2/2 - 3*k + 383. Calculate u(10).
27
Let w(m) be the second derivative of m**4/4 + m**3/2 - 7*m**2/2 + 4375*m. Give w(3).
29
Let c(o) be the second derivative of -o**8/6720 - o**7/630 + o**6/144 + o**5/60 - o**4 - o - 53. Let w(z) be the third derivative of c(z). Calculate w(-5).
2
Let c(i) = 21*i - 10. Let j be c(4). Let l = 68 - j. Let h(w) = w**2 + 6*w + 3. Determine h(l).
3
Let h(f) = -f**3 - 3*f**2 + 14*f + 30. Let w be h(-5). Let k(g) = w*g - 2 + 6*g + g - 18*g. Give k(-1).
-1
Suppose -o + 1 = -1. Let d be (4 - (6 - o)) + 2. Let y(g) be the second derivative of -g**3/3 - g**2 + 4*g + 25. Determine y(d).
-6
Let b(q) = -6*q + 16. Let y be b(4). Let h(i) be the first derivative of i**3/3 + 9*i**2/2 - 7*i - 126. Determine h(y).
-15
Let n(c) = -c - 4. Let v(a) = a + 5. Suppose 3*m = -w + 3*w + 15, 0 = 2*m - w - 10. Let z(h) = m*v(h) + 6*n(h). Let f be (-10)/(-2)*-3*1/3. Calculate z(f).
6
Let m(k) be the second derivative of -1/12*k**4 + 0*k**2 + 1/20*k**5 + 0 + 0*k**3 - 113*k. Let f(t) = -t**3 + t**2 + t. Let j be f(0). Determine m(j).
0
Let o(q) = -q**2 + 20*q - 2. Let s(y) = -3*y**2 + 45*y - 3. Let k(a) = -5*o(a) + 2*s(a). Determine k(-8).
20
Suppose 4*l + 3*x = -2, -2*l - 3*x = -6*l - 14. Let k(b) = -2*b**3 - 2*b**2 + b + 7. Calculate k(l).
13
Let k(p) = p**3 - 5*p**2 - 4*p - 3. Let u = -42 - -64. Suppose 5*y + 207 = u. Let l = 43 + y. What is k(l)?
9
Let i(o) be the third derivative of -o**7/1008 - 77*o**5/60 - o**2 - 14. Let d(a) be the third derivative of i(a). Give d(-1).
5
Suppose -4*w + w = 21*w. Suppose 5*l - 43 = 3*d - 54, 3*l - 3*d + 9 = w. Let c(j) = 9*j - 2. What is c(l)?
-11
Let p = -628 - -626. Let i(f) = -20*f + 6. Let b(r) = -r - 3. Let v(z) = 2*b(z) + i(z). Calculate v(p).
44
Let i(m) = 3*m + 9. Let z = 5 - 2. Let u = 191 + -187. Let o(n) = -2*n - 8. Let d(l) = u*o(l) + z*i(l). Calculate d(4).
-1
Let c = -9 - -24. Suppose j - 6 + c = 0. Let b be j/6 - (-6)/(-4). Let i(r) = r**2 - 2*r - 3. What is i(b)?
12
Let z(b) = 7*b + 4. Suppose 0 = -3*d - 2*d + 25, 5*v = -2*d - 15. Let k be (-9)/v*20/12. Determine z(k).
25
Let d(w) = 76*w - 110. Let g(f) = -63*f + 108. Let p(c) = -4*d(c) - 5*g(c). Give p(8).
-12
Let t be (-2)/7 + 116/14. Let j be 1 + (t - (-5 - 0)). Let z(w) = -j + 5*w - 4*w + 12 + 7*w. Determine z(-2).
-18
Let g(s) = -13*s**3 - s - 1. Let t be 17/(0 + (-3)/9). Let f = 55 + t. Suppose 6 + 10 = -p + 5*h, -p + h = f. Determine g(p).
13
Let k(f) = -f**3 - 16*f**2 + 15*f - 27. Suppose -2*a + i - 36 = 0, -4*i + 8 + 68 = -4*a. Determine k(a).
7
Let t be 19 + -8*(-2)/4. Let q = t - 63. Let i = 44 + q. Let z(v) = v**3 - 3*v**2 - 5*v - 2. Determine z(i).
-6
Suppose 5*r = 10*r - 60. Suppose -r*z = -17*z + 25. Let x(d) = -6*d + 3*d**3 + 3*d**3 - z*d**2 - 8 - 5*d**3. What is x(6)?
-8
Let c(a) = -12*a**2 - a + 1. Let x(p) = -2*p**3 + 5*p**2 + 6. Let o be x(3). Let f be 8/32*(-16)/12*o. What is c(f)?
-12
Let w be ((-594)/(-44) + -14)*20. Let n(b) = -b - 7. Calculate n(w).
3
Let h(f) = -229*f + 367*f - 1 - 22*f**3 + 3*f**2 - 140*f. Calculate h(1).
-22
Let j(u) = -4*u**2 + u - 12. Let o(z) = 8*z**2 - 2*z + 24. Let y(r) = -13*j(r) - 6*o(r). Let w(i) be the first derivative of y(i). What is w(2)?
15
Let p(x) = -7*x**2 - x**2 + x**3 - 84*x - 6*x**2 - 129 + 26*x - 15*x**2. Calculate p(31).
-5
Let j(o) = o**2 - 2*o - 1. Let i(u) = u**2 - u. Let m(w) = 2*i(w) - j(w). Let r = -2 + 7. What is m(r)?
26
Let z(o) be the second derivative of -o**5/120 - o**4/12 - 2*o**3/3 + 35*o. Let r(m) be the second derivative of z(m). What is r(6)?
-8
Let v(l) = 5*l + 31. Let g(f) = -2*f**3 - 11*f**2 - 5*f - 5. Let a be g(-5). Give v(a).
6
Let n(a) = -355*a - 36. Let f(o) = 81*o + 8. Let m(z) = -22*f(z) - 5*n(z). Let y(u) = u**2 + 6*u + 5. Let l be y(-5). Let p be (1 - 0) + l + 2. Determine m(p).
-17
Let g be 300/40*4/5. Suppose -3*j - t = 2*t - g, -4*t = 0. Let q(i) = 2*i**3 - 3*i**2 + 2*i + 1. Determine q(j).
9
Let n(d) be the first derivative of -11*d**2/2 - 166*d - 3828. Determine n(-16).
10
Let q be 1/(((-7)/28)/((-7)/(-4))). Let w be (-41)/q + 24/168. Let n(a) = -a**3 + 7*a**2 - 9*a + 15. Determine n(w).
-3
Let g be (45/(-15))/(3 + 744/(-244)). Let z(b) = -2 - 4 + 19*b + 21*b + 22*b - g*b. Give z(-8).
-14
Let t(a) = -5 + 5 - a**2. Let g(b) = -11*b**2 + 8*b + 3. Let j(c) = -13*c**2 + 7*c. Let w(d) = -7*g(d) + 6*j(d). Let v be w(-12). Calculate t(v).
-9
Let c(p) = 2*p**2 + 4*p. Let f be 39/26*(2 + 0). Suppose 8 = f*x - 7, 3*x = -5*u - 5. Give c(u).
16
Let t(p) be the second derivative of p**4/12 - 4*p**3/3 - 7*p**2/2 + 7438*p. Determine t(6).
-19
Let b(k) = -2*k**2 + 4*k + 1. Let y(t) = 3*t**2 - t - 1 + 3 - 1 - t**2. Let c be y(2). Let g(w) = w**3 - 8*w**2 + 9*w - 11. Let m be g(c). Give b(m).
-5
Let z(g) = -5*g - 62. Let s(q) = -22*q - 314. Let k(m) = 3*s(m) - 14*z(m). Give k(15).
-14
Let r(v) = 7*v - 155. Let z = 19775 - 19753. Calculate r(z).
-1
Let y(u) = 9*u**2 + 53*u + 644. Let k(p) = -p**2 - 6*p - 68. Let i(h) = 19*k(h) + 2*y(h). Suppose n + 2*b = -0*b + 1, n + 19 = 3*b. What is i(n)?
3
Let a(i) = -i**2 + 13*i - 37. Suppose 5*h - 28*h + 196 = 5*h. Give a(h).
5
Let q = -6 - -5. Suppose -4*u + 27 = 14*t - 11*t, 3 = 3*t - 4*u. Let x(a) = -36 + 26*a - 4*a**3 - 27*a - t*a**3 + 35. Give x(q).
9
Let a(v) = -v**2 - 4*v - 4. Suppose 0 = -5*c - 5. Let i(z) = 13*z**2 + 3*z + 3. Let p be i(c). Suppose p = u + 17. What is a(u)?
-4
Let k(m) be the second derivative of 0 + 1/2*m**3 + 182*m + 6*m**2. Suppose -4*f + 2*o = 24, -4*f + 2*o - 30 = -3*o. Calculate k(f).
-3
Let i(n) = n**3 + 23 - 67 + 24 + 3*n + 18 + 4*n**2. Let r be (7 - 18 - -6) + 1. Determine i(r).
-14
Let s(k) = -5*k**3 - 6*k**2 - 7*k + 12. Let j(c) = 7*c**3 + 5*c**2 + 8*c - 13. Suppose 0 = 42*z - 49*z + 14. Let w(u) = z*j(u) + 3*s(u). What is w(-7)?
-4
Let g be ((-33)/(-6) + 1)*(-6)/(-3). Suppose -3*z = -g*z. Let l(h) = -2*h + h + 4*h**2 + 2*h + z*h. Give l(2).
18
Let w(k) = 2*k**3 + 6*k**2 + 10*k + 4. Let y = -8538 + 8534. What is w(y)?
-68
Let m(b) = -b**3 - 7*b**2 - 5*b + 2. Suppose 13 = 9*g - 14. Suppose g*o = -22 + 4. Give m(o).
-4
Let f(x) be the second derivative of 0*x**2 - 3*x + 6 + 1/6*x**3. What is f(5)?
5
Let j be 0 - (2 - (-2 + 3)). Let f(z) = -z**3 - 164893922 + 3*z**3 + 164893921 - z. What is f(j)?
-2
Let x(r) = -9 + 67*r**2 - r**3 + 7 - 76*r**2. Let y = -1219 - -1210. Give x(y).
-2
Let v(c) = -c**3 - 6*c**2 + 47*c + 254. Let s be v(-8). Let p(m) = -m**3 + 9*m**2 - 12*m + 7. Give p(s).
43
Let x(q) be the third derivative of 0 + 1/8*q**4 + 0*q**5 - 1/240*q**6 + 0*q**3 + 0*q - 19*q**2. Let d(n) be the second derivative of x(n). Give d(-3).
9
Suppose 3*a = -u + 27, 3*a + 4*u - 67 = -22. Let t(o) = -4*o**2 + 23*o + 13. Let d(b) = -2*b**2 + 11*b + 7. Let q(g) = 5*d(g) - 2*t(g). Calculate q(a).
-26
Let d be (-30)/(-35) + 1364/434. Let j(i) = 3*i**2 + i - 4. What is j(d)?
48
Let y(k) be the third derivative of -7*k**4/8 - 107*k**3/6 - 2*k**2 - 200*k + 2. Determine y(-5).
-2
Suppose 2*p + 9*p - 1375 = 0. Let d = -122 + p. Let s(q) = 2*q - 1 - 2*q + d*q - 4*q. Give s(-6).
5
Let o(w) = -w**3 - 6*w**2 + 8*w + 1. Let d = -573 - -590. Let z = -4 - -6. Suppose 4*y - 5 = 3*v, 1 + d = -z*v - y. Give o(v).
-6
Let v(g) = -11*g + 119. Let u(a) = 4*a - 52. Let d(y) = -7*u(y) - 3*v(y). Suppose 4*p = 4 - 20. What is d(p)?
-13
Let t(k) = 17*k - 54. Let d be 61/10 + 26/(-260). Determine t(d).
48
Let x(t) = 6*t**2 + 4*t + 5. Suppose 0 = 7*a - 19*a - 12. Let s(l) = -l**2 - l - 2. Let n(y) = a*x(y) - 5*s(y). Give n(-4).
-15
Let m(l) be the second derivative of -11*l**3/3 + 453*l**2/2 - l - 80. What is m(21)?
-9
Let m = 12 - -1. Let d(l) = -5*l**3 + 4*l**3 + 5*l**2 - 11 + 0*l**3 - 2*l - m*l**2. Calculate d(-8).
5
Let o(j) = -3*j**3 - 18*j**2 - 17*j - 5. Let m(a) = -2*a**3 - 14*a**2 - 11*a - 3. Le